{"id":9676,"date":"2021-05-13T00:58:40","date_gmt":"2021-05-12T21:58:40","guid":{"rendered":"https:\/\/www.tuni.fi\/playlab\/?page_id=9676"},"modified":"2021-05-13T01:01:01","modified_gmt":"2021-05-12T22:01:01","slug":"saavutettavuusseloste","status":"publish","type":"page","link":"https:\/\/www.tuni.fi\/playlab\/saavutettavuusseloste\/","title":{"rendered":"Saavutettavuusseloste"},"content":{"rendered":"<p><!-- Kehoitamme muuttamaan tyylej\u00e4 muuhun sivustoon sopivaksi. --><\/p>\n<article>\n<header>\n<h1>Tervetuloa, t\u00e4m\u00e4 on organisaation Tampereen yliopisto saavutettavuusseloste<\/h1>\n<\/header>\n<section class=\"statement__section\">T\u00e4m\u00e4 saavutettavuusseloste koskee palvelua https:\/\/www.tuni.fi\/playlab\/ ja on laadittu \/ p\u00e4ivitetty 06.05.2021. Palvelua koskee laki digitaalisten palvelujen tarjoamisesta, jossa edellytet\u00e4\u00e4n, ett\u00e4 julkisten verkkopalvelujen on oltava saavutettavia.Olemme arvioineet palvelun saavutettavuuden itse<\/section>\n<section class=\"statement__section\">\n<h2>Digipalvelun saavutettavuuden tila<\/h2>\n<p>T\u00e4ytt\u00e4\u00e4 saavutettavuusvaatimukset osittain.<\/p>\n<\/section>\n<h2>Ei-saavutettava sis\u00e4lt\u00f6<\/h2>\n<section class=\"statement__section\">\n<section class=\"statement__inaccessible\">\n<h3>3. Verkkosivusto ei ole viel\u00e4 kaikilta osin vaatimusten mukainen<\/h3>\n<ul class=\"flaws\">\n<li class=\"flaw\">\n<h4 class=\"flaw__title\">Havaittava: Puuttuvat vaihtoehtoiset tekstit<\/h4>\n<h5 class=\"flaw__subtitle\">Saavuttamaton sis\u00e4lt\u00f6 ja sen puutteet<\/h5>\n<p>Osasta sivuston kuvista puuttuvat vaihtoehtoiset tekstit.<\/p>\n<h5>Saavutettavuusvaatimukset jotka eiv\u00e4t t\u00e4yty<\/h5>\n<ul class=\"flaw__wcag\">\n<li>1.1.1 Ei-tekstuaalinen sis\u00e4lt\u00f6<\/li>\n<\/ul>\n<\/li>\n<li class=\"flaw\">\n<h4 class=\"flaw__title\">Havaittava: Linkkitekstien kontrasti<\/h4>\n<h5 class=\"flaw__subtitle\">Saavuttamaton sis\u00e4lt\u00f6 ja sen puutteet<\/h5>\n<p>Osa linkkitekstien kontrasteista on liian pieni\u00e4<\/p>\n<h5>Saavutettavuusvaatimukset jotka eiv\u00e4t t\u00e4yty<\/h5>\n<ul class=\"flaw__wcag\">\n<li>1.4.3 Kontrasti (minimi)<\/li>\n<\/ul>\n<\/li>\n<\/ul>\n<\/section>\n<\/section>\n<section class=\"statement__section\">\n<h2>Huomasitko saavutettavuuspuutteen digipalvelussamme? Kerro se meille ja teemme parhaamme puutteen korjaamiseksi<\/h2>\n<h3>S\u00e4hk\u00f6postilla<\/h3>\n<p>elisa.wiik@tuni.fi<\/p>\n<\/section>\n<section class=\"statement__section\">\n<h2>Valvontaviranomainen<\/h2>\n<p>Jos huomaat sivustolla saavutettavuusongelmia, anna ensin palautetta meille eli sivuston yll\u00e4pit\u00e4j\u00e4lle. Vastauksessa voi menn\u00e4 14 p\u00e4iv\u00e4\u00e4. Jos et ole tyytyv\u00e4inen saamaasi vastaukseen tai et saa vastausta lainkaan kahden viikon aikana, <a href=\"https:\/\/www.saavutettavuusvaatimukset.fi\/oikeutesi\/\" target=\"_blank\" rel=\"noopener\">voit tehd\u00e4 ilmoituksen Etel\u00e4-Suomen aluehallintovirastoon <span class=\"screen-reader-text\">Avautuu uuteen ikkunaan<\/span><\/a>. Etel\u00e4-Suomen aluehallintoviraston sivulla kerrotaan tarkasti, miten ilmoituksen voi tehd\u00e4 ja miten asia k\u00e4sitell\u00e4\u00e4n.<\/p>\n<h2>Valvontaviranomaisen yhteystiedot<\/h2>\n<p>Etel\u00e4-Suomen aluehallintovirasto<br \/>\nSaavutettavuuden valvonnan yksikk\u00f6<br \/>\nwww.saavutettavuusvaatimukset.fi<br \/>\nsaavutettavuus(at)avi.fi<br \/>\npuhelinnumero vaihde 0295 016 000<\/p>\n<\/section>\n<\/article>\n<p>&nbsp;<\/p>\n<p>&nbsp;<\/p>\n","protected":false},"excerpt":{"rendered":"<p>Tervetuloa, t\u00e4m\u00e4 on organisaation Tampereen yliopisto saavutettavuusseloste T\u00e4m\u00e4 saavutettavuusseloste koskee palvelua https:\/\/www.tuni.fi\/playlab\/ ja on laadittu \/ p\u00e4ivitetty 06.05.2021. Palvelua koskee laki digitaalisten palvelujen tarjoamisesta, jossa edellytet\u00e4\u00e4n, ett\u00e4 julkisten verkkopalvelujen on oltava saavutettavia.Olemme arvioineet palvelun saavutettavuuden itse Digipalvelun saavutettavuuden tila T\u00e4ytt\u00e4\u00e4 saavutettavuusvaatimukset osittain. Ei-saavutettava sis\u00e4lt\u00f6 3. Verkkosivusto ei ole viel\u00e4 kaikilta osin vaatimusten mukainen Havaittava: Puuttuvat [&hellip;]<\/p>\n","protected":false},"author":19,"featured_media":0,"parent":0,"menu_order":0,"comment_status":"closed","ping_status":"closed","template":"","meta":{"ocean_post_layout":"","ocean_both_sidebars_style":"","ocean_both_sidebars_content_width":0,"ocean_both_sidebars_sidebars_width":0,"ocean_sidebar":"","ocean_second_sidebar":"","ocean_disable_margins":"enable","ocean_add_body_class":"","ocean_shortcode_before_top_bar":"","ocean_shortcode_after_top_bar":"","ocean_shortcode_before_header":"","ocean_shortcode_after_header":"","ocean_has_shortcode":"","ocean_shortcode_after_title":"","ocean_shortcode_before_footer_widgets":"","ocean_shortcode_after_footer_widgets":"","ocean_shortcode_before_footer_bottom":"","ocean_shortcode_after_footer_bottom":"","ocean_display_top_bar":"default","ocean_display_header":"default","ocean_header_style":"","ocean_center_header_left_menu":"","ocean_custom_header_template":"","ocean_custom_logo":0,"ocean_custom_retina_logo":0,"ocean_custom_logo_max_width":0,"ocean_custom_logo_tablet_max_width":0,"ocean_custom_logo_mobile_max_width":0,"ocean_custom_logo_max_height":0,"ocean_custom_logo_tablet_max_height":0,"ocean_custom_logo_mobile_max_height":0,"ocean_header_custom_menu":"","ocean_menu_typo_font_family":"","ocean_menu_typo_font_subset":"","ocean_menu_typo_font_size":0,"ocean_menu_typo_font_size_tablet":0,"ocean_menu_typo_font_size_mobile":0,"ocean_menu_typo_font_size_unit":"px","ocean_menu_typo_font_weight":"","ocean_menu_typo_font_weight_tablet":"","ocean_menu_typo_font_weight_mobile":"","ocean_menu_typo_transform":"","ocean_menu_typo_transform_tablet":"","ocean_menu_typo_transform_mobile":"","ocean_menu_typo_line_height":0,"ocean_menu_typo_line_height_tablet":0,"ocean_menu_typo_line_height_mobile":0,"ocean_menu_typo_line_height_unit":"","ocean_menu_typo_spacing":0,"ocean_menu_typo_spacing_tablet":0,"ocean_menu_typo_spacing_mobile":0,"ocean_menu_typo_spacing_unit":"","ocean_menu_link_color":"","ocean_menu_link_color_hover":"","ocean_menu_link_color_active":"","ocean_menu_link_background":"","ocean_menu_link_hover_background":"","ocean_menu_link_active_background":"","ocean_menu_social_links_bg":"","ocean_menu_social_hover_links_bg":"","ocean_menu_social_links_color":"","ocean_menu_social_hover_links_color":"","ocean_disable_title":"default","ocean_disable_heading":"default","ocean_post_title":"","ocean_post_subheading":"","ocean_post_title_style":"","ocean_post_title_background_color":"","ocean_post_title_background":0,"ocean_post_title_bg_image_position":"","ocean_post_title_bg_image_attachment":"","ocean_post_title_bg_image_repeat":"","ocean_post_title_bg_image_size":"","ocean_post_title_height":0,"ocean_post_title_bg_overlay":0.5,"ocean_post_title_bg_overlay_color":"","ocean_disable_breadcrumbs":"default","ocean_breadcrumbs_color":"","ocean_breadcrumbs_separator_color":"","ocean_breadcrumbs_links_color":"","ocean_breadcrumbs_links_hover_color":"","ocean_display_footer_widgets":"default","ocean_display_footer_bottom":"default","ocean_custom_footer_template":"","footnotes":""},"class_list":["post-9676","page","type-page","status-publish","hentry","entry"],"_links":{"self":[{"href":"https:\/\/www.tuni.fi\/playlab\/wp-json\/wp\/v2\/pages\/9676","targetHints":{"allow":["GET"]}}],"collection":[{"href":"https:\/\/www.tuni.fi\/playlab\/wp-json\/wp\/v2\/pages"}],"about":[{"href":"https:\/\/www.tuni.fi\/playlab\/wp-json\/wp\/v2\/types\/page"}],"author":[{"embeddable":true,"href":"https:\/\/www.tuni.fi\/playlab\/wp-json\/wp\/v2\/users\/19"}],"replies":[{"embeddable":true,"href":"https:\/\/www.tuni.fi\/playlab\/wp-json\/wp\/v2\/comments?post=9676"}],"version-history":[{"count":3,"href":"https:\/\/www.tuni.fi\/playlab\/wp-json\/wp\/v2\/pages\/9676\/revisions"}],"predecessor-version":[{"id":9681,"href":"https:\/\/www.tuni.fi\/playlab\/wp-json\/wp\/v2\/pages\/9676\/revisions\/9681"}],"wp:attachment":[{"href":"https:\/\/www.tuni.fi\/playlab\/wp-json\/wp\/v2\/media?parent=9676"}],"curies":[{"name":"wp","href":"https:\/\/api.w.org\/{rel}","templated":true}]}}